 units digit of g?
2
Let v(a) = -8*a - 44. Let i be v(-17). Suppose -h - 187 = 3*u, -5*h + 281 = -0*u - 4*u. Let w = i + u. What is the tens digit of w?
2
Let d = 318 + -255. Suppose 2*n = 2*j + 7*n - 47, 3*j = -5*n + d. What is the tens digit of j?
1
Let z(g) = g - 1. Let b be z(6). Suppose 0 = -2*n + 5*h + 21 - 78, h + b = 0. Let d = n - -89. What is the tens digit of d?
4
Suppose -3*h + v = -3, -h + 5*v - 23 = -5*h. Suppose 0 = -n + 5*o + 20, o - 13 = -2*n + h*o. What is the units digit of n/(20/(-6))*160/(-3)?
0
Let x(n) = n**3 - 5*n**2 + 2*n - 6. Let u be (-12)/(-6)*3*8/6. Let j be x(u). Let v = j - 141. What is the tens digit of v?
6
Let r(l) = 6 + 14*l - 29 + l**2 + 13 + 9. What is the tens digit of r(10)?
3
Suppose 2*i + 10 = 3*p + 6*i, 3*p - 9 = -3*i. Suppose -8 + 38 = 3*m + 3*s, 0 = -3*m + p*s + 15. Suppose -m*a + a = -264. What is the tens digit of a?
4
Suppose -3*p = 5*d - 28544, 3*p - 4748 - 23784 = -2*d. What is the thousands digit of p?
9
Suppose 59*j = 47*j + 76608. Suppose -45*p + 38*p + j = 0. What is the units digit of p?
2
Let b be (-13 - 4)*(3 + -1 + -1). Let w = b + 20. Suppose 2*a - 136 = n - w*n, 4*a + 5*n = 273. What is the tens digit of a?
6
Let c = 62 + -63. Let z be (c - 3/(-2))*(2 + 46). Let d(i) = -i**2 + 23*i + 32. What is the units digit of d(z)?
8
What is the ten thousands digit of 36/9 + (-1648738)/(-26)?
6
Let x = 25898 - 13346. What is the thousands digit of x?
2
Let h(a) = -9128*a**3 - 5*a**2 - 23*a - 20. What is the thousands digit of h(-1)?
9
Let r(q) = -502*q + 2082. What is the units digit of r(-20)?
2
Let b = 68 + -132. Let g = b + 66. Suppose g*k - 98 - 6 = 0. What is the units digit of k?
2
What is the hundreds digit of ((-384)/(-8))/6 - (-11256 - -5)?
2
Let c = 4142 + 123. What is the hundreds digit of c?
2
Let p(l) = 857*l - 2284. What is the ten thousands digit of p(36)?
2
Let q = 10324 + -606. What is the units digit of q?
8
Let v(u) = 4*u**3 - 4*u**2 - 2*u - u - 5*u**3 + 0*u**3 + 2. Let f be v(-3). Suppose -f*c + 5*p = -33, p + 3*p + 24 = c. What is the units digit of c?
4
Let j = 5 - 3. Let z(x) = x**2 + 360*x - 2940. Let f be z(8). What is the units digit of j/(((-16)/(-326))/f)?
3
Let u = 75 + -30. Let b(n) = -u + n**3 + 29 + n**2 + 28 - 12*n. What is the units digit of b(5)?
2
Let g(c) = 207*c**2 - 56*c + 495. What is the hundreds digit of g(9)?
7
Suppose 3*l - 46850 - 137474 = -4*y, -l + 2*y = -61438. What is the units digit of l?
0
Let k = -117 - -144. Let x = 200 + k. What is the hundreds digit of x?
2
Let u(n) = -11*n**3 - 8*n**2 + n + 4. Let p be u(3). Suppose 5*o + d + 1220 = 0, 2*o + 3*d = -354 - 134. Let t = o - p. What is the units digit of t?
8
Suppose 20400 + 2420 = 4*o. Suppose 0 = 20*p - 15*p - o. What is the tens digit of p?
4
Let z(l) = -l**3 + l**2 - 7*l + 13. Let x be (-2 - (-2)/(-4))*(-32)/20. Let q be z(x). Let b = 8 - q. What is the units digit of b?
1
Let h(j) = -j**3 + 12*j**2 + 56*j - 122. What is the units digit of h(-26)?
0
Let k be (948/(-24))/((-1)/2). Let r = k + 4. What is the units digit of r?
3
Suppose 60620 = 2*b + 4*n, 333488 = 11*b + 22*n - 26*n. What is the tens digit of b?
1
Let c(j) = -j**2 - 9*j - 3. Let u be c(-9). Let l(f) = f - 7. Let x be l(u). What is the tens digit of 6544/80 + 8/x?
8
Let f = -202 + 118. Let k be (32/8)/4 - (-2 - 218). Let s = k + f. What is the units digit of s?
7
What is the thousands digit of (-12 + -3)/(-1) - -72867?
2
Let n = 676 + -279. Let d = n + 126. What is the hundreds digit of d?
5
Let h(m) = -11 - 10 + 7 - 170*m - 6. What is the tens digit of h(-4)?
6
Let p = -11 + 180. Let c = p + 64. What is the hundreds digit of c?
2
Let w(a) = -91*a + 2381. Let z be w(30). Let k be (-58)/4*34/1. Let p = z - k. What is the hundreds digit of p?
1
Suppose 0 = 4*d - 12, 0*d + d = -2*w - 113. Suppose -1 = -s - 33. Let y = s - w. What is the units digit of y?
6
Suppose 607*c - 378729 = 580*c. What is the hundreds digit of c?
0
Let w(l) = 43584*l**2 - 14*l - 3. What is the hundreds digit of w(-1)?
5
Let s = 15694 + -11925. What is the hundreds digit of s?
7
Let l(v) = -v**3 - 4*v**2 - 8*v + 3. Let i be l(-3). Suppose -8*p = -i - 22. Suppose q + 4*y + 91 = 6*q, 0 = -3*q - p*y + 62. What is the tens digit of q?
1
Let b = -22 + 20. Suppose -4*a = c - 30, -3*c + 27 + 36 = 3*a. What is the tens digit of (4 + c + 3)*(b + 3)?
2
Let s(b) = 2*b**2 - 23*b + 63. Let o be s(24). Suppose 0 = -n - 3*c + o, 4*c + 1967 = 3*n + 2*c. What is the units digit of n?
7
Let f be (4 + -1)/((-3)/3). Let y be (-3)/(0/f - -1). What is the tens digit of (22/y)/((-9)/(945/14))?
5
Let p(j) = -2*j**3 + 13*j**2 - 6*j. Let z be p(6). Suppose c + g = -5, 11 = c - z*c - 3*g. What is the tens digit of (-3 + c - 0) + 81?
7
Suppose -5*k - 17 = l - 3*l, 0 = -4*k + 2*l - 12. What is the tens digit of (-70)/(-175) - (2628/k + 1)?
2
Suppose 28*d = -117 + 313. What is the units digit of (6 - d)/(2/12) - -656?
0
Suppose 27*a + 10614 = 28326. Let k = 1137 - a. What is the units digit of k?
1
Let w(k) = -20*k + 61. Let p be w(8). Let n = p + 812. What is the hundreds digit of n?
7
Suppose x + b - 58086 = 0, 290421 = 5*x + 125*b - 123*b. What is the tens digit of x?
8
Let b(k) = 3*k**2 + 34*k - 55. Suppose 0 = c + 4*q + 2 + 1, 3*q + 26 = -2*c. What is the units digit of b(c)?
2
Let r = 122 - 140. Let f = 34 - r. What is the units digit of f?
2
Let v(d) be the third derivative of d**6/60 - d**5/20 + d**4/6 - 5*d**3/6 - 2*d**2 + 63. Let u = 7 - 4. What is the units digit of v(u)?
4
What is the ten thousands digit of 2/(-3) - (14/5 + 41116504/(-1905))?
2
Let f = -5441 + 7244. What is the units digit of f?
3
Let t(p) = -p**3 - 5*p**2 + 2*p + 10. Let k be t(-5). Suppose k = -4*j, 0*a + 2*a + 4*j = 878. What is the units digit of a?
9
Let n = 10143 - 3046. What is the hundreds digit of n?
0
Let x = -2107 + 9660. What is the thousands digit of x?
7
Let a(m) = 4*m**2 - 9*m + 3. Let g = -33 + 39. What is the units digit of a(g)?
3
Suppose -23541 = -4*l + 5*k, 14*k - 9*k + 17662 = 3*l. What is the thousands digit of l?
5
Let o be (-105)/35 - (1 - (9 + 0)). Suppose -892 = -o*w + 4*g, -w - 2*g + 176 = -4*g. Suppose 2*r - 200 = 2*x, -2*r + x + w = 4*x. What is the units digit of r?
6
Let y(a) = 43*a - 117 - 19 + 8. What is the tens digit of y(12)?
8
Let p(a) = a**3 + 75*a**2 - 93*a + 3245. What is the ten thousands digit of p(-75)?
1
Suppose 3*y + 9 = 0, 2*z + 6*y - 8*y = 160. Let o = z + 118. What is the tens digit of o?
9
Let q be ((-5)/(-3))/(2/(-78)). Let p = q - -67. Suppose -3*d - p*i + 390 = 3*i, -2*d = -2*i - 276. What is the hundreds digit of d?
1
Let x(p) = 3*p + 27. Let c be x(-8). Suppose -3 = h - 22. Suppose -c*t + h = -5. What is the units digit of t?
8
Let z = -74 - -75. Let n be 0*(-1 + 2)*(0 - z). Suppose n = 3*d, -t + 4*d = -0*d - 106. What is the hundreds digit of t?
1
Let x = 81 - 78. Suppose -2*c = -5*t + c + 1612, t = -x*c + 308. What is the tens digit of t?
2
What is the hundreds digit of 11965778/550 + (-2)/(-50)?
7
Suppose -20 = 9*j - 19*j. Suppose 4*m = j*i - 1782, -3*i + 4*m + 4485 = 2*i. Suppose l + 2*q = 2*l - 173, -5*l - 2*q + i = 0. What is the hundreds digit of l?
1
Let r be 5/((-3)/(-12) - (-12)/(-16)). What is the thousands digit of (168/r)/(-2)*60830/308?
1
Suppose -g + 17 = 15. Suppose 0 = -2*n - 2, 2*s - g*n = 17 + 3. What is the units digit of 2/s + 4808/72?
7
Let z = -8311 + 41495. What is the units digit of z?
4
Let p be (-2)/(-11) - 1184/(-22). Suppose -4*t = 0, 5*s - 5*t + p + 76 = 0. Let r = -23 - s. What is the units digit of r?
3
Let d be 0 + 227 + -3 + (-2 - -5). Let t = d + -103. Suppose -l = -t - 1. What is the units digit of l?
5
What is the units digit of 5 + (((-6519519)/(-33))/3 - 417/(-1529))?
9
Let x be 25/(-6) + 1/6. Let d be 6/x - 30/(-20). Let s(m) = m**2 - 6*m + 2. What is the units digit of s(d)?
2
Suppose 5*z - 114 = 4*z + 5*b, 5*b + 223 = 2*z. Suppose z*t = 112*t - 2340. What is the hundreds digit of t?
7
Let n(d) = -115*d + 146. Let x be n(-2). Let c(u) = -2*u**3 + 6*u**2 - 9*u + 1. Let i be c(6). Let g = x + i. What is the hundreds digit of g?
1
Suppose 2*i - 165 = -9. Let w(r) = -r**3 + 6*r**2 + 10*r + 44. Let j be w(8). What is the units digit of i/j*-2*1?
9
Let c(j) = 3902*j - 1827. What is the tens digit of c(4)?
8
Let x(u) = 